20?
19
What is the remainder when 6261 is divided by 179?
175
Calculate the remainder when 65 is divided by 6.
5
What is the remainder when 241 is divided by 35?
31
Calculate the remainder when 677 is divided by 113.
112
What is the remainder when 329 is divided by 34?
23
What is the remainder when 3207 is divided by 5?
2
Calculate the remainder when 4654 is divided by 8.
6
What is the remainder when 9304 is divided by 99?
97
What is the remainder when 3456 is divided by 7?
5
What is the remainder when 124 is divided by 22?
14
What is the remainder when 307 is divided by 107?
93
What is the remainder when 1903 is divided by 51?
16
What is the remainder when 5764 is divided by 21?
10
What is the remainder when 8425 is divided by 172?
169
Calculate the remainder when 1625 is divided by 325.
0
What is the remainder when 290 is divided by 46?
14
Calculate the remainder when 198 is divided by 52.
42
What is the remainder when 662 is divided by 220?
2
Calculate the remainder when 108 is divided by 64.
44
What is the remainder when 372 is divided by 366?
6
Calculate the remainder when 243 is divided by 50.
43
What is the remainder when 77 is divided by 20?
17
Calculate the remainder when 92 is divided by 68.
24
What is the remainder when 966 is divided by 17?
14
What is the remainder when 717 is divided by 38?
33
What is the remainder when 14742 is divided by 194?
192
Calculate the remainder when 223 is divided by 67.
22
What is the remainder when 58 is divided by 44?
14
Calculate the remainder when 246 is divided by 23.
16
Calculate the remainder when 77 is divided by 23.
8
Calculate the remainder when 325 is divided by 82.
79
Calculate the remainder when 60 is divided by 21.
18
What is the remainder when 185 is divided by 61?
2
Calculate the remainder when 175 is divided by 22.
21
What is the remainder when 255 is divided by 24?
15
What is the remainder when 11110 is divided by 19?
14
Calculate the remainder when 156 is divided by 29.
11
Calculate the remainder when 24275 is divided by 68.
67
Calculate the remainder when 1791 is divided by 31.
24
What is the remainder when 140 is divided by 49?
42
Calculate the remainder when 21 is divided by 4.
1
What is the remainder when 649 is divided by 163?
160
What is the remainder when 202 is divided by 34?
32
Calculate the remainder when 4407 is divided by 11.
7
What is the remainder when 344 is divided by 126?
92
Calculate the remainder when 1752 is divided by 867.
18
Calculate the remainder when 299 is divided by 39.
26
Calculate the remainder when 29753 is divided by 172.
169
Calculate the remainder when 402 is divided by 103.
93
Calculate the remainder when 1626 is divided by 793.
40
What is the remainder when 1878 is divided by 94?
92
What is the remainder when 115 is divided by 36?
7
What is the remainder when 11034 is divided by 39?
36
What is the remainder when 1241 is divided by 39?
32
Calculate the remainder when 31 is divided by 19.
12
Calculate the remainder when 89 is divided by 17.
4
What is the remainder when 519 is divided by 65?
64
Calculate the remainder when 352 is divided by 346.
6
What is the remainder when 493 is divided by 10?
3
What is the remainder when 554 is divided by 15?
14
What is the remainder when 26938 is divided by 79?
78
What is the remainder when 569 is divided by 12?
5
Calculate the remainder when 934 is divided by 340.
254
What is the remainder when 36796 is divided by 320?
316
What is the remainder when 131 is divided by 62?
7
Calculate the remainder when 335 is divided by 49.
41
What is the remainder when 527 is divided by 10?
7
Calculate the remainder when 786 is divided by 95.
26
What is the remainder when 212 is divided by 77?
58
Calculate the remainder when 5924 is divided by 69.
59
What is the remainder when 346 is divided by 10?
6
Calculate the remainder when 205 is divided by 108.
97
What is the remainder when 713 is divided by 13?
11
Calculate the remainder when 406 is divided by 202.
2
Calculate the remainder when 136 is divided by 125.
11
What is the remainder when 723 is divided by 66?
63
What is the remainder when 72 is divided by 16?
8
What is the remainder when 480 is divided by 23?
20
Calculate the remainder when 1557 is divided by 196.
185
Calculate the remainder when 224 is divided by 32.
0
Calculate the remainder when 682 is divided by 83.
18
Calculate the remainder when 26 is divided by 3.
2
Calculate the remainder when 15609 is divided by 422.
417
Calculate the remainder when 64 is divided by 3.
1
What is the remainder when 12333 is divided by 12?
9
What is the remainder when 2678 is divided by 57?
56
Calculate the remainder when 253 is divided by 37.
31
Calculate the remainder when 321 is divided by 130.
61
Calculate the remainder when 3135 is divided by 28.
27
What is the remainder when 10942 is divided by 36?
34
Calculate the remainder when 1538 is divided by 23.
20
What is the remainder when 2606 is divided by 186?
2
What is the remainder when 118 is divided by 10?
8
Calculate the remainder when 60 is divided by 31.
29
Calculate the remainder when 675 is divided by 172.
159
Calculate the remainder when 4476 is divided by 1492.
0
What is the remainder when 318 is divided by 1?
0
What is the remainder when 3210 is divided by 21?
18
Calculate the remainder when 612 is divided by 240.
132
What is the remainder when 2388 is divided by 23?
19
Calculate the remainder when 1815 is divided by 91.
86
Calculate the remainder when 1857 is divided by 11.
9
Calculate the remainder when 336 is divided by 101.
33
What is the remainder when 1877 is divided by 20?
17
What is the remainder when 308 is divided by 63?
56
Calculate the remainder when 246 is divided by 172.
74
What is the remainder when 1409 is divided by 83?
81
Calculate the remainder when 1031 is divided by 15.
11
What is the remainder when 988 is divided by 168?
148
What is the remainder when 67 is divided by 10?
7
What is the remainder when 861 is divided by 408?
45
What is the remainder when 1007 is divided by 170?
157
Calculate the remainder when 147 is divided by 13.
4
Calculate the remainder when 843 is divided by 379.
85
What is the remainder when 1766 is divided by 57?
56
Calculate the remainder when 194 is divided by 70.
54
What is the remainder when 512 is divided by 59?
40
Calculate the remainder when 1473 is divided by 479.
36
Calculate the remainder when 40 is divided by 18.
4
What is the remainder when 221 is divided by 14?
11
What is the remainder when 103 is divided by 36?
31
What is the remainder when 106 is divided by 10?
6
What is the remainder when 417 is divided by 192?
33
What is the remainder when 274 is divided by 31?
26
Calculate the remainder when 58 is divided by 47.
11
What is the remainder when 381 is divided by 75?
6
Calculate the remainder when 3686 is divided by 17.
14
What is the remainder when 517 is divided by 104?
101
What is the remainder when 644 is divided by 167?
143
Calculate the remainder when 389 is divided by 49.
46
Calculate the remainder when 98 is divided by 43.
12
What is the remainder when 252 is divided by 116?
20
What is the remainder when 967 is divided by 172?
107
What is the remainder when 811 is divided by 59?
44
What is the remainder when 201 is divided by 36?
21
What is the remainder when 1359 is divided by 136?
135
What is the remainder when 1878 is divided by 94?
92
Calculate the remainder when 727 is divided by 73.
70
What is the remainder when 10398 is divided by 14?
10
What is the remainder when 376 is divided by 16?
8
Calculate the remainder when 2908 is divided by 413.
17
What is the remainder when 517 is divided by 255?
7
What is the remainder when 4926 is divided by 307?
14
Calculate the remainder when 152 is divided by 77.
75
What is the remainder when 23 is divided by 2?
1
What is the remainder when 339 is divided by 57?
54
Calculate the remainder when 190 is divided by 60.
10
Calculate the remainder when 1937 is divided by 277.
275
What is the remainder when 170 is divided by 74?
22
Calculate the remainder when 124 is divided by 31.
0
What is the remainder when 942 is divided by 20?
2
What is the remainder when 175 is divided by 18?
13
Calculate the remainder when 497 is divided by 455.
42
Calculate the remainder when 11780 